01?
11100111110011101101
In base 9, what is -15 - -1535835?
1535820
In base 3, what is 1220221201 - -10212?
1221002120
In base 15, what is -60604 + -22?
-60626
In base 2, what is -10100010 + -11101010100011?
-11101101000101
In base 12, what is 1161a + 2b3?
11911
In base 14, what is 2 + -4850cc?
-4850ca
In base 15, what is 12477 + 6?
1247d
In base 10, what is 487 - 10034?
-9547
In base 16, what is 6ca0 + -5653?
164d
In base 5, what is 210131 + -12100?
143031
In base 13, what is -135 - -6856?
6721
In base 12, what is 4 + 6b04071?
6b04075
In base 11, what is -2518 + -2783?
-51a0
In base 6, what is -32 - -203332432?
203332400
In base 4, what is 3 - 20202312310121?
-20202312310112
In base 10, what is 3 - 4877316?
-4877313
In base 6, what is 44 + -311503240?
-311503152
In base 16, what is 5 + -12f5c0d5?
-12f5c0d0
In base 8, what is -2243 + 5076?
2633
In base 12, what is -a5b48 - -174?
-a5994
In base 9, what is -3 + -56558162?
-56558165
In base 6, what is -2 - 2153250151?
-2153250153
In base 5, what is -10 - 1014432424?
-1014432434
In base 2, what is -11010011100001101000 - -100110011?
-11010011011100110101
In base 3, what is -1022001010112021 + 1112?
-1022001010110202
In base 2, what is -10011010001 + 11111001111111?
11100110101110
In base 2, what is 10100001100101000010 - -11000011011?
10100001111101011101
In base 16, what is -55 - -1412dc?
141287
In base 5, what is 430043044324 - 1?
430043044323
In base 13, what is 3ca + -4a3b?
-4641
In base 10, what is 213629 - 84?
213545
In base 9, what is -3 - 1601327?
-1601331
In base 8, what is 71645 + 31?
71676
In base 5, what is 113041241 + 12041?
113103332
In base 6, what is 111015055 + -15?
111015040
In base 14, what is 5cc41 + 9a?
5ccdb
In base 3, what is -210011 - -22021202?
21111121
In base 15, what is -3 - -1d0b8?
1d0b5
In base 14, what is 18226a + 48?
1822b4
In base 14, what is 31 - 1c5729?
-1c56d8
In base 7, what is -13621103 + 21?
-13621052
In base 7, what is 1 - -35111551?
35111552
In base 11, what is -51156324 - 3?
-51156327
In base 4, what is 211 + -230030311?
-230030100
In base 8, what is -20 - -2616342?
2616322
In base 9, what is 0 + -8421640?
-8421640
In base 14, what is 280361 + 0?
280361
In base 2, what is -10111001101111111111010001 - -10?
-10111001101111111111001111
In base 12, what is 2 + -4822b65?
-4822b63
In base 2, what is -1100100011111000001000011 - -10?
-1100100011111000001000001
In base 13, what is -a9caa52b - 3?
-a9caa531
In base 9, what is 230 + 6847462?
6847702
In base 7, what is -34653 - 52445?
-120431
In base 3, what is 121 + -112000022211020?
-112000022210122
In base 16, what is 2100f + 733?
21742
In base 8, what is -37451 + -113?
-37564
In base 3, what is 2 + 20222010022120?
20222010022122
In base 10, what is 319506960 - 5?
319506955
In base 9, what is 340 - -24333?
24673
In base 11, what is -9 - -9094294?
9094286
In base 5, what is -201241 + 42320?
-103421
In base 2, what is 110011101111110 + -110111101111101?
-11111111111
In base 14, what is 92d + c?
93b
In base 5, what is -33203340 + -10043?
-33213433
In base 16, what is fba + -5f9?
9c1
In base 13, what is -1ca3 - 12116?
-140b9
In base 3, what is -22221220012011 - -211?
-22221220011100
In base 9, what is -251 - -6262?
6011
In base 5, what is 4 - -410301323?
410301332
In base 2, what is 100 - -110101010101011010?
110101010101011110
In base 4, what is -32213120000 - 21?
-32213120021
In base 5, what is 4101432304 + -1?
4101432303
In base 10, what is 826102 + 5?
826107
In base 13, what is -3 - -1958633?
1958630
In base 6, what is -3202522 - 4?
-3202530
In base 6, what is -4 - -110510400?
110510352
In base 10, what is -188 + -19858?
-20046
In base 15, what is -d7eb6 + 58?
-d7e5d
In base 12, what is 11a19a53 + 18?
11a19a6b
In base 4, what is -21 + 11130102023?
11130102002
In base 9, what is 1532 + 42385?
44027
In base 10, what is 157623155 - 2?
157623153
In base 11, what is 0 + 2a2a454?
2a2a454
In base 2, what is 101101111100100101 - -101001111?
101110000001110100
In base 15, what is -2213c143 + -1?
-2213c144
In base 13, what is -12 + -345a49?
-345a5b
In base 16, what is -4cb714 + -1b?
-4cb72f
In base 6, what is 105242 + 124143?
233425
In base 15, what is 84 - -4e4c36?
4e4cba
In base 5, what is 3 - 34442003021?
-34442003013
In base 15, what is b7 - -3a08?
3ac0
In base 2, what is 111 + -1100101010011110111?
-1100101010011110000
In base 6, what is 24 - -50422113?
50422141
In base 4, what is 1212320 + -22221?
1130033
In base 10, what is 55887694 - 4?
55887690
In base 15, what is cc81e5 - 6?
cc81de
In base 4, what is 2210233032 - 1221?
2210231211
In base 12, what is 1764bba + -6?
1764bb4
In base 8, what is 4122414 - -10?
4122424
In base 7, what is 230634 - 20?
230614
In base 15, what is -72333 + -3?
-72336
In base 4, what is 1032 - -1132011203?
1132012301
In base 15, what is -3 + -2b1de16?
-2b1de19
In base 6, what is -145431103 - -4?
-145431055
In base 4, what is 13103023021 + -1?
13103023020
In base 4, what is -1 - -12212022300?
12212022233
In base 10, what is 2 - 213131?
-213129
In base 2, what is -1100001001011001000000010 - -101?
-1100001001011000111111101
In base 12, what is 2220 + -529b4?
-50794
In base 8, what is -3 + -573114?
-573117
In base 7, what is 55 + -4362632?
-4362544
In base 11, what is 111497 - -2918?
114304
In base 12, what is -75b3921 + 4?
-75b3919
In base 13, what is -c + 2021887?
2021878
In base 12, what is 7 + -1043137b?
-10431374
In base 12, what is 22684a8 + -6?
22684a2
In base 4, what is -200 + 200212113?
200211313
In base 16, what is -3ef4f5 + -11?
-3ef506
In base 14, what is -1b6c + -bc?
-1c4a
In base 6, what is -12 + 1201142423?
1201142411
In base 2, what is 1011 - 11010110101100010100?
-11010110101100001001
In base 8, what is 2501000613 + -2?
2501000611
In base 9, what is 326 - -100831?
101257
In base 7, what is 205542464 + 4?
205542501
In base 16, what is 19c3 + 9c3a?
b5fd
In base 7, what is 1146 + -1465245?
-1464066
In base 9, what is 4810333 + 0?
4810333
In base 14, what is 7065 - 5507?
195c
In base 8, what is -2432 - 406653?
-411305
In base 5, what is 4123 - 41334?
-32211
In base 6, what is 31 + 120125003?
120125034
In base 12, what is -293861 + 9?
-293854
In base 5, what is -1 + 144424411?
144424410
In base 6, what is -1335 - 10055050?
-10100425
In base 3, what is -1120122102222201 + 11?
-1120122102222120
In base 14, what is 4 + ccc755?
ccc759
In base 15, what is -a - 163c03?
-163c0d
In base 8, what is -26 + -20436307?
-20436335
In base 5, what is 13 - -2300040?
2300103
In base 16, what is -647f43af - 1?
-647f43b0
In base 14, what is -5c819d6 + 4?
-5c819d2
In base 7, what is 35512 - -1113420?
1152232
In base 14, what is 282 - -7049?
72cb
In base 3, what is 2022221002211102 - 21?
2022221002211011
In base 4, what is 222 + 2003011103?
2003011331
In base 13, what is 6c053 - 122?
6bc31
In base 4, what is -10321102112320 - -11?
-10321102112303
In base 15, what is 133ae - -11a?
134c9
In base 15, what is 197469 + 10?
197479
In base 2, what is 1001111011111 - 1011011011100101?
-1010001100000110
In base 15, what is -1409 - -38?
-13c1
In base 15, what is 2842 + -229?
2618
In base 11, what is 7 - -77a58128?
77a58134
In base 10, what is 66 + 4307947?
4308013
In base 6, what is 3 - 40011403105?
-40011403102
In base 6, what is -203 - 5311150?
-5311353
In base 9, what is -148571 - -303?
-148267
In base 12, what is 140341 - 185?
140178
In base 12, what is 24 - -b493a?
b4962
In base 11, what is 4813629 + 5?
4813633
In base 12, what is -512200a + 6?
-5122004
In base 13, what is 3 - -28994c28?
28994c2b
In base 12, what is -6671417 - -4?
-6671413
In base 12, what is -6b + -21257?
-21306
In base 9, what is 6453028 + 7?
6453036
In base 12, what is 17169 + -532?
16837
In base 4, what is 113013 - 132221202?
-132102123
In base 12, what is 1136a2a90 - 4?
1136a2a88
In base 6, what is -13 - -2533224?
2533211
In base 3, what is -1 + 110220122202221201?
110220122202221200
In base 3, what is -211 - 1110220101012221?
-1110220101020202
In base 4, what is -21333 + -2210020313?
-2210102312
In base 5, what is -1 + -1223430314103?
-1223430314104
In base 8, what is 6671 + -166?
6503
In base 15, what is -3b + -1cea9d?
-1cead9
In base 12, what is 3ba3 + -5734?
-1751
In base 9, what is 2462162 - 4?
2462157
In base 9, what is -13 - -